{"id":732,"date":"2020-04-21T20:20:41","date_gmt":"2020-04-21T19:20:41","guid":{"rendered":"http:\/\/www.oumt.sk\/?page_id=732"},"modified":"2021-05-30T19:28:15","modified_gmt":"2021-05-30T18:28:15","slug":"potraviny-a-vyziva-ii-pj","status":"publish","type":"page","link":"http:\/\/www.oumt.sk\/?page_id=732","title":{"rendered":"Potraviny a v\u00fd\u017eiva II.PJ"},"content":{"rendered":"\n<p><a href=\"http:\/\/www.oumt.sk\/wp-content\/uploads\/2020\/10\/PVY-Vajcia-II.PJ_.pdf\">Vajcia<\/a><\/p>\n\n\n\n<p><a href=\"http:\/\/www.oumt.sk\/wp-content\/uploads\/2020\/10\/PVY-Mlieko-II.PJ_.pdf\">Mlieko<\/a><\/p>\n\n\n\n<p><a href=\"http:\/\/www.oumt.sk\/wp-content\/uploads\/2020\/11\/SYRY.pdf\">Syry<\/a><\/p>\n\n\n\n<p><a href=\"http:\/\/www.oumt.sk\/wp-content\/uploads\/2020\/11\/II.PJ-PVY-Test1.pdf\">TEST 1<\/a><\/p>\n\n\n\n<p><a href=\"http:\/\/www.oumt.sk\/wp-content\/uploads\/2020\/11\/II.-PJ-PVY-Test2.pdf\">TEST 2<\/a><\/p>\n\n\n\n<p><a href=\"http:\/\/www.oumt.sk\/wp-content\/uploads\/2020\/12\/Bravcove-maso.pdf\">Brav\u010dov\u00e9 m\u00e4so<\/a><\/p>\n\n\n\n<p><a href=\"http:\/\/www.oumt.sk\/wp-content\/uploads\/2020\/12\/Maso-vseobecne.pdf\">M\u00e4so v\u0161eobecne<\/a><\/p>\n\n\n\n<p><a href=\"http:\/\/www.oumt.sk\/wp-content\/uploads\/2021\/01\/PVY-Telacie-maso-2.PJ-3.PJ_.pdf\">Te\u013eacie m\u00e4so &#8211; od 11.1.2021<\/a><\/p>\n\n\n\n<p><a href=\"http:\/\/www.oumt.sk\/wp-content\/uploads\/2021\/01\/PVY-Hovadzie-maso-2.PJ3_.-PJ.pdf\">Hov\u00e4dzie m\u00e4so &#8211; od 11.1.2021<\/a><\/p>\n\n\n\n<p><a href=\"http:\/\/www.oumt.sk\/wp-content\/uploads\/2021\/02\/PVY-II.PJ-Vnutornosti.pdf\">Vn\u00fatornosti &#8211; od 12.2.2021<\/a><\/p>\n\n\n\n<p><a href=\"http:\/\/www.oumt.sk\/wp-content\/uploads\/2021\/02\/PVY-II.PJ-Ostatne-druhy-masa.pdf\">Ostatn\u00e9 druhy m\u00e4sa &#8211; od 12.2.2021<\/a><\/p>\n\n\n\n<p>test- m\u00e4so <a href=\"http:\/\/www.oumt.sk\/wp-content\/uploads\/2021\/03\/II.-PJ-PVY-test-maso.pdf\">od 22.3.2021<\/a><\/p>\n\n\n\n<p><a href=\"http:\/\/www.oumt.sk\/wp-content\/uploads\/2021\/04\/PVY-2.PJ-Hydinove-maso.pdf\">hydinov\u00e9 m\u00e4so &#8211; od 13.4.2021<\/a><\/p>\n\n\n\n<p><a href=\"http:\/\/www.oumt.sk\/wp-content\/uploads\/2021\/04\/PVY-2.PJ-Ryby.pdf\">ryby &#8211; od 13.4.2021<\/a><\/p>\n\n\n\n<p><a href=\"http:\/\/www.oumt.sk\/wp-content\/uploads\/2021\/04\/PVY-2.PJ-ZVERINA.pdf\">zverina &#8211; od 13.4.2021<\/a><\/p>\n\n\n\n<p>NOV\u00c9 <a href=\"http:\/\/www.oumt.sk\/wp-content\/uploads\/2021\/05\/Tuky.pdf\">tuky &#8211; od 28.5.2021<\/a><\/p>\n","protected":false},"excerpt":{"rendered":"<p>Vajcia Mlieko Syry TEST 1 TEST 2 Brav\u010dov\u00e9 m\u00e4so M\u00e4so v\u0161eobecne Te\u013eacie m\u00e4so &#8211; od 11.1.2021 Hov\u00e4dzie m\u00e4so &#8211; od 11.1.2021 Vn\u00fatornosti &#8211; od 12.2.2021 Ostatn\u00e9 druhy m\u00e4sa &#8211; od 12.2.2021 test- m\u00e4so od 22.3.2021 hydinov\u00e9 m\u00e4so &#8211; od 13.4.2021 &hellip; <a href=\"http:\/\/www.oumt.sk\/?page_id=732\">Pokra\u010dova\u0165 v \u010d\u00edtan\u00ed <span class=\"meta-nav\">&rarr;<\/span><\/a><\/p>\n","protected":false},"author":1,"featured_media":0,"parent":0,"menu_order":0,"comment_status":"closed","ping_status":"closed","template":"","meta":{"footnotes":""},"class_list":["post-732","page","type-page","status-publish","hentry"],"_links":{"self":[{"href":"http:\/\/www.oumt.sk\/index.php?rest_route=\/wp\/v2\/pages\/732","targetHints":{"allow":["GET"]}}],"collection":[{"href":"http:\/\/www.oumt.sk\/index.php?rest_route=\/wp\/v2\/pages"}],"about":[{"href":"http:\/\/www.oumt.sk\/index.php?rest_route=\/wp\/v2\/types\/page"}],"author":[{"embeddable":true,"href":"http:\/\/www.oumt.sk\/index.php?rest_route=\/wp\/v2\/users\/1"}],"replies":[{"embeddable":true,"href":"http:\/\/www.oumt.sk\/index.php?rest_route=%2Fwp%2Fv2%2Fcomments&post=732"}],"version-history":[{"count":26,"href":"http:\/\/www.oumt.sk\/index.php?rest_route=\/wp\/v2\/pages\/732\/revisions"}],"predecessor-version":[{"id":1550,"href":"http:\/\/www.oumt.sk\/index.php?rest_route=\/wp\/v2\/pages\/732\/revisions\/1550"}],"wp:attachment":[{"href":"http:\/\/www.oumt.sk\/index.php?rest_route=%2Fwp%2Fv2%2Fmedia&parent=732"}],"curies":[{"name":"wp","href":"https:\/\/api.w.org\/{rel}","templated":true}]}}