{"id":960,"date":"2020-11-15T20:39:27","date_gmt":"2020-11-15T19:39:27","guid":{"rendered":"http:\/\/www.oumt.sk\/?page_id=960"},"modified":"2021-05-30T19:28:52","modified_gmt":"2021-05-30T18:28:52","slug":"komunikacia-ii-pj","status":"publish","type":"page","link":"http:\/\/www.oumt.sk\/?page_id=960","title":{"rendered":"Komunik\u00e1cia II.PJ"},"content":{"rendered":"\n<p><a href=\"http:\/\/www.oumt.sk\/wp-content\/uploads\/2020\/10\/Pozn\u00e1mky-z-KMU-2.-PJ.pdf\">okt\u00f3ber 2020<\/a><\/p>\n\n\n\n<p><a href=\"http:\/\/www.oumt.sk\/wp-content\/uploads\/2020\/11\/2.-PJ-KOMUNIKACIA-2.pdf\">november 2020<\/a><\/p>\n\n\n\n<p class=\"has-text-color\" style=\"color:#f11013\"><a href=\"http:\/\/www.oumt.sk\/wp-content\/uploads\/2020\/12\/KMM-3PJ-prazdniny.pdf\">PR\u00c1ZDNINY<\/a><\/p>\n\n\n\n<p><a href=\"http:\/\/www.oumt.sk\/wp-content\/uploads\/2021\/01\/KMM-2.PJ-Komunikacia.pdf\">od 11.1.2021<\/a><\/p>\n\n\n\n<p><a href=\"http:\/\/www.oumt.sk\/wp-content\/uploads\/2021\/02\/KMM-II.PJ-Typy-zakaznikov.pdf\">od 12.2.2021<\/a><\/p>\n\n\n\n<p><a href=\"http:\/\/www.oumt.sk\/wp-content\/uploads\/2021\/03\/II.-PJ-KMU-uloha-spravanie.pdf\">od 22.3.2021<\/a><\/p>\n\n\n\n<p><a href=\"http:\/\/www.oumt.sk\/wp-content\/uploads\/2021\/04\/KMM-2.PJ-Konflikty.pdf\">od 13.4.2021<\/a><\/p>\n\n\n\n<p>NOV\u00c9 <a href=\"http:\/\/www.oumt.sk\/wp-content\/uploads\/2021\/05\/Komunikacia-1.pdf\">od 28.5.2021<\/a><\/p>\n","protected":false},"excerpt":{"rendered":"<p>okt\u00f3ber 2020 november 2020 PR\u00c1ZDNINY od 11.1.2021 od 12.2.2021 od 22.3.2021 od 13.4.2021 NOV\u00c9 od 28.5.2021<\/p>\n","protected":false},"author":1,"featured_media":0,"parent":0,"menu_order":0,"comment_status":"closed","ping_status":"closed","template":"","meta":{"footnotes":""},"class_list":["post-960","page","type-page","status-publish","hentry"],"_links":{"self":[{"href":"http:\/\/www.oumt.sk\/index.php?rest_route=\/wp\/v2\/pages\/960","targetHints":{"allow":["GET"]}}],"collection":[{"href":"http:\/\/www.oumt.sk\/index.php?rest_route=\/wp\/v2\/pages"}],"about":[{"href":"http:\/\/www.oumt.sk\/index.php?rest_route=\/wp\/v2\/types\/page"}],"author":[{"embeddable":true,"href":"http:\/\/www.oumt.sk\/index.php?rest_route=\/wp\/v2\/users\/1"}],"replies":[{"embeddable":true,"href":"http:\/\/www.oumt.sk\/index.php?rest_route=%2Fwp%2Fv2%2Fcomments&post=960"}],"version-history":[{"count":9,"href":"http:\/\/www.oumt.sk\/index.php?rest_route=\/wp\/v2\/pages\/960\/revisions"}],"predecessor-version":[{"id":1551,"href":"http:\/\/www.oumt.sk\/index.php?rest_route=\/wp\/v2\/pages\/960\/revisions\/1551"}],"wp:attachment":[{"href":"http:\/\/www.oumt.sk\/index.php?rest_route=%2Fwp%2Fv2%2Fmedia&parent=960"}],"curies":[{"name":"wp","href":"https:\/\/api.w.org\/{rel}","templated":true}]}}