{"id":123,"date":"2016-02-13T10:00:32","date_gmt":"2016-02-13T09:00:32","guid":{"rendered":"http:\/\/www.oumt.sk\/?page_id=123"},"modified":"2024-05-09T15:35:01","modified_gmt":"2024-05-09T14:35:01","slug":"studium","status":"publish","type":"page","link":"https:\/\/www.oumt.sk\/?page_id=123","title":{"rendered":"\u0160t\u00fadium"},"content":{"rendered":"<p><a href=\"http:\/\/www.oumt.sk\/wp-content\/uploads\/2024\/05\/Kriteria-OU-2024-2025.pdf\" target=\"_blank\" rel=\"noopener noreferrer\"><input type=\"button\" value=\"Krit\u00e9ria prij\u00edmacieho konania OU Martin pre \u0161kolsk\u00fd rok 2024\/2025\" \/><\/a><\/p>\n<p><a href=\"http:\/\/www.oumt.sk\/wp-content\/uploads\/2018\/11\/Skolsky_poriadok_sept.2018.pdf\" target=\"_blank\" rel=\"noopener noreferrer\"><input type=\"button\" value=\"\u0160kolsk\u00fd poriadok OU Martin\" \/><\/a><\/p>\n<p><strong>Odbor:<\/strong><br \/>\n<strong>6491 G 01 obchodn\u00e1 prev\u00e1dzka &#8211; pr\u00e1ca pri pr\u00edprave jed\u00e1l<\/strong><br \/>\n<strong>\u00a0<\/strong><br \/>\n<strong>CHARAKTERISTIKA U\u010cEBN\u00c9HO ODBORU:<\/strong><br \/>\nU\u010debn\u00fd odbor pripravuje \u017eiakov na v\u00fdkon povolania v\u00a0stravovac\u00edch zariadeniach.<\/p>\n<p><strong>ZAMERANIE:<\/strong><\/p>\n<ul>\n<li>na pr\u00edpravu a\u00a0o\u0161etrenie z\u00e1kladn\u00fdch druhov surov\u00edn ur\u010den\u00fdch na v\u00fdrobu jed\u00e1l<\/li>\n<li>na v\u00fdrobu a\u00a0exped\u00edciu jed\u00e1l teplej a\u00a0studenej kuchyne<\/li>\n<li>na pr\u00edpravu a\u00a0v\u00fdrobu jednoduch\u00fdch m\u00fa\u010dnikov<\/li>\n<li>na pr\u00edpravu a\u00a0v\u00fdrobu tepl\u00fdch a\u00a0studen\u00fdch n\u00e1pojov<\/li>\n<li>na pr\u00edpravu a\u00a0v\u00fdrobu pr\u00edloh a\u00a0doplnkov<\/li>\n<li>na um\u00fdvanie riadu<\/li>\n<li>na upratovanie kuchyne a\u00a0pomocn\u00fdch prev\u00e1dzok<\/li>\n<li>na dodr\u017eiavanie BOZP, osobnej a\u00a0pracovnej hygieny<\/li>\n<\/ul>\n<p><strong>Z\u00c1KLADN\u00c9 \u00daDAJE:<\/strong><br \/>\nD\u013a\u017eka pr\u00edpravy:\u00a0\u00a0\u00a0\u00a0\u00a0\u00a0\u00a0\u00a0 3 roky<br \/>\nU\u010debn\u00fd odbor:\u00a0\u00a0\u00a0\u00a0\u00a0\u00a0\u00a0\u00a0\u00a0\u00a0 diev\u010dat\u00e1 a\u00a0chlapci<br \/>\nPodmienky prijatia:\u00a0 \u017eiaci s\u00a0ment\u00e1lnym postihnut\u00edm, ktor\u00ed ukon\u010dili 9. ro\u010dn\u00edk Z\u0160, alebo \u0160Z\u0160,<br \/>\nzdravotn\u00e1 sp\u00f4sobilos\u0165<br \/>\nSp\u00f4sob ukon\u010denia:\u00a0\u00a0\u00a0\u00a0 z\u00e1vere\u010dn\u00e1 sk\u00fa\u0161ka<br \/>\nPracovn\u00e9 uplatnenie: pr\u00e1ca pri pr\u00edprave jed\u00e1l v\u00a0stravovac\u00edch zariadeniach<\/p>\n<p>Doklad o\u00a0dosiahnutom vzdelan\u00ed:\u00a0\u00a0 v\u00fdu\u010dn\u00fd list<\/p>\n<p>Nadv\u00e4zuj\u00faca odborn\u00e1 pr\u00edprava:\u00a0\u00a0\u00a0\u00a0rekvalifika\u010dn\u00e9 kurzy<\/p>\n","protected":false},"excerpt":{"rendered":"<p>Odbor: 6491 G 01 obchodn\u00e1 prev\u00e1dzka &#8211; pr\u00e1ca pri pr\u00edprave jed\u00e1l \u00a0 CHARAKTERISTIKA U\u010cEBN\u00c9HO ODBORU: U\u010debn\u00fd odbor pripravuje \u017eiakov na v\u00fdkon povolania v\u00a0stravovac\u00edch zariadeniach. ZAMERANIE: na pr\u00edpravu a\u00a0o\u0161etrenie z\u00e1kladn\u00fdch druhov surov\u00edn ur\u010den\u00fdch na v\u00fdrobu jed\u00e1l na v\u00fdrobu a\u00a0exped\u00edciu jed\u00e1l teplej &hellip; <a href=\"https:\/\/www.oumt.sk\/?page_id=123\">Pokra\u010dova\u0165 v \u010d\u00edtan\u00ed <span class=\"meta-nav\">&rarr;<\/span><\/a><\/p>\n","protected":false},"author":1,"featured_media":0,"parent":0,"menu_order":0,"comment_status":"closed","ping_status":"closed","template":"","meta":{"footnotes":""},"class_list":["post-123","page","type-page","status-publish","hentry"],"_links":{"self":[{"href":"https:\/\/www.oumt.sk\/index.php?rest_route=\/wp\/v2\/pages\/123","targetHints":{"allow":["GET"]}}],"collection":[{"href":"https:\/\/www.oumt.sk\/index.php?rest_route=\/wp\/v2\/pages"}],"about":[{"href":"https:\/\/www.oumt.sk\/index.php?rest_route=\/wp\/v2\/types\/page"}],"author":[{"embeddable":true,"href":"https:\/\/www.oumt.sk\/index.php?rest_route=\/wp\/v2\/users\/1"}],"replies":[{"embeddable":true,"href":"https:\/\/www.oumt.sk\/index.php?rest_route=%2Fwp%2Fv2%2Fcomments&post=123"}],"version-history":[{"count":23,"href":"https:\/\/www.oumt.sk\/index.php?rest_route=\/wp\/v2\/pages\/123\/revisions"}],"predecessor-version":[{"id":2037,"href":"https:\/\/www.oumt.sk\/index.php?rest_route=\/wp\/v2\/pages\/123\/revisions\/2037"}],"wp:attachment":[{"href":"https:\/\/www.oumt.sk\/index.php?rest_route=%2Fwp%2Fv2%2Fmedia&parent=123"}],"curies":[{"name":"wp","href":"https:\/\/api.w.org\/{rel}","templated":true}]}}